the greatest common divisor of r and 48?
12
Let j(x) = 3*x - 18. Let s be j(13). What is the greatest common divisor of 14 and s?
7
Let i be 20/(-30) - (-76)/6. What is the greatest common factor of i and 72?
12
Suppose 5*c - 5*p + 4*p = 146, 4*p - 112 = -4*c. Suppose -2*f = -5*x - c - 18, 4*x + 20 = 0. Let m = -86 - -97. What is the highest common factor of m and f?
11
Let s be ((-66744)/(-99))/12 + (-4)/22. Let h = 13 - 5. Calculate the greatest common divisor of h and s.
8
Suppose 0*l - 272 = -2*l. Suppose -7*m + 17 = -6*m. What is the greatest common divisor of m and l?
17
Let n(x) = x**3 - 2*x**2 + x + 24. Let l be n(0). Calculate the highest common factor of l and 12.
12
Suppose 17*m = 19*m. Let k = m - -19. Calculate the highest common factor of k and 19.
19
Let b be (-44)/(-7) - 2/7. Suppose -p = p - b. Suppose 3*a - a = w - 15, 2*a + 57 = p*w. Calculate the greatest common divisor of w and 7.
7
Let u = 19 - 16. What is the greatest common factor of 1 and u?
1
Let x be (5/3)/((-2)/(-48)). Let t = 15 + -10. Let b be 150/t*(-1)/(-3). What is the highest common divisor of x and b?
10
Let x be (0 - (-13 - -1))*(-1)/(-2). What is the greatest common divisor of x and 42?
6
Suppose 10 = 2*h + 3*f, f - 3 = h - 8. Suppose 22 = 5*i + 3*j - 5, h*i = -4*j + 26. What is the greatest common divisor of 4 and i?
2
Let l(w) = -8*w + 4*w**2 - 6*w**2 - 5 + 3*w**2. Let k be l(9). What is the highest common factor of 28 and k?
4
Let l(o) = -7*o - 1. Let n be l(-15). What is the highest common divisor of 13 and n?
13
Let d be (1*-1)/(1 - 0). Let c be (d - (-9)/6)*10. Calculate the highest common divisor of c and 20.
5
Let z = 56 + -22. Suppose 4*f = 4*a + 14 + z, 0 = a. Suppose -4*m - 20 = -2*r, 5*r - m + 5*m = 36. What is the greatest common factor of f and r?
4
Let k = 8 - -13. Calculate the highest common factor of k and 7.
7
Let w be (3/1)/((-6)/(-4))*16. Calculate the highest common divisor of w and 160.
32
Let l(z) = -z**3 - 4*z**2 + 2*z + 5. Let x be l(-5). Calculate the greatest common factor of x and 20.
20
Suppose -3*n + 293 = 4*c, c - 342 - 53 = -4*n. What is the greatest common factor of 9 and n?
9
Suppose 0 = 3*h + 3, -t - 2*h = -4*h - 4. Suppose s = -5*g + 8, -s + g + 2 = -0*s. What is the highest common factor of s and t?
1
Let a be (-2)/(-3) - 2173/(-3). Suppose 5*q + 0*f = -f + a, 0 = 5*f - 25. Calculate the greatest common factor of 18 and q.
18
Suppose z + 2*z = -48. Let r = 0 - z. What is the greatest common divisor of 16 and r?
16
Suppose 0 = 2*a - 1 - 7. Let j be (-174)/(-21) + a/(-14). Let v = 7 + -3. Calculate the greatest common divisor of j and v.
4
Let j be 0*(-2)/(-6) - 1344. Let m be 4/10 - j/15. Suppose n = 6*n - m. What is the highest common factor of n and 12?
6
Let q = 33 + -30. Calculate the highest common factor of 15 and q.
3
Let y be 13/(-2)*2 + 0. Let v = -9 - y. Let m = -4 + 6. What is the highest common divisor of m and v?
2
Let s = -3 + 19. Suppose 3*w - 4*b = 446, 0*b + s = 4*b. Calculate the highest common factor of w and 14.
14
Let h be ((-9)/(-6))/(3/198). Suppose 0 = 2*s - 4*s + 22. Calculate the highest common divisor of s and h.
11
Let y = 11 + 19. Let l be 2*2*236/16. Suppose -1 - 3 = 4*b, 0 = -3*v - b + l. What is the highest common factor of y and v?
10
Suppose 0*y - 2*t = -4*y + 26, -t + 12 = 3*y. Let l be 29 + (4/2 - 6). Calculate the greatest common divisor of y and l.
5
Suppose -605 = -7*o + 2*o. Let d(t) = -3*t - 3*t + 2 + 3*t + 2*t**2. Let s be d(3). What is the highest common factor of s and o?
11
Let j be (-17 + -1)/((-3)/2). What is the highest common divisor of j and 3?
3
Let n = 46 + -37. Calculate the greatest common divisor of 63 and n.
9
Let d be -9*2/8*80/(-6). What is the highest common factor of 180 and d?
30
Let n be -1 - -2 - (-25 - -2). What is the highest common factor of 60 and n?
12
Suppose 5*g = -4*w - 5, 2*g + 30 = 5*w + g. Suppose 3*p = -2*z + 2 + 4, -z - 23 = -w*p. Suppose -29 - 211 = -p*r. What is the highest common factor of r and 24?
12
Let b(l) = l**2 - 3*l - 6. Let m be b(6). What is the highest common factor of 12 and m?
12
Let m = -9 + 27. What is the greatest common divisor of m and 12?
6
Let n(v) = 3*v**2 - 2*v - 2. Let o be n(2). Suppose -o*b + b = -120. Calculate the highest common divisor of 3 and b.
3
Suppose -211 = -4*n + 77. Calculate the greatest common factor of n and 8.
8
Let s be 28 - (-1 + 12/4). What is the greatest common factor of 208 and s?
26
Let h = 40 + -39. Calculate the highest common divisor of 9 and h.
1
Let s(n) be the third derivative of n**4/12 - 5*n**3/6 - 4*n**2. Let d be s(7). Calculate the highest common divisor of 9 and d.
9
Let k(a) = -2*a**3 - 6*a**2 - 7*a - 5. Let z be k(-4). Let s = -69 + 74. Calculate the highest common divisor of z and s.
5
Suppose 4*q = -4*h + 125 - 1, -q - 5*h + 11 = 0. Let a be -3*4/(-14)*-7. Let u = 24 + a. What is the greatest common factor of q and u?
18
Let l(d) = 5 + d - 2*d + 0*d. Let q be l(0). Calculate the highest common divisor of q and 40.
5
Suppose -4*l - 23 = -127. Let g be (0 + (0 - 1))*-5. Suppose 0*a = g*a - 325. Calculate the greatest common factor of l and a.
13
Let x be 12/1*11/11. What is the highest common divisor of 48 and x?
12
Let f = -3 + 6. Let v = 0 + f. Let x be 1 - (v - (5 + -1)). What is the highest common divisor of x and 2?
2
Let p(v) = v + 9. Let f be p(6). Calculate the greatest common divisor of f and 45.
15
Let f be 9*(6/(-3) - -3). Calculate the highest common factor of f and 1.
1
Let a(g) = g**2 + 8. Let h be a(-4). Calculate the highest common divisor of 12 and h.
12
Let d = 9 - 8. What is the greatest common factor of 4 and d?
1
Suppose -4*y + 8 = -3*s - 29, -s - 49 = -5*y. What is the greatest common divisor of y and 110?
10
Let c be 13/(-2) + 21/(-14). Let n = -4 - c. What is the greatest common divisor of 16 and n?
4
Suppose -w = 4*w - 5. Let u(m) = 3*m**2 + 1. Let a be u(w). Let s be -2*22/(-8)*a. What is the highest common factor of s and 55?
11
Let u(z) = z - 8. Let l be u(6). Let r be (-5)/l*140/25. Calculate the greatest common factor of 70 and r.
14
Suppose -h + 46 = -5*t, h + t - 17 = 17. Calculate the highest common divisor of 96 and h.
12
Let k be (2 - 2) + 3 + -1. Suppose 5*i - 108 = -3*v, -3*v + k*i + 70 = -38. What is the greatest common divisor of v and 12?
12
Let a = -8 + 11. Let l = 12 - a. Calculate the greatest common divisor of l and 63.
9
Let r = 11 + 130. Suppose 3*o - r = 90. What is the greatest common divisor of 7 and o?
7
Let x be -6*(-12)/16*-2. Let m be (1 + (-7)/3)*x. What is the highest common divisor of 18 and m?
6
Let j be -1*((-4 - -2) + -262). What is the highest common divisor of j and 24?
24
Let d = 3 - 1. Suppose -9 = -d*u + 1. Suppose -3*h = 3*j - 0*h - 45, -u*h - 125 = -5*j. Calculate the highest common factor of 30 and j.
10
Let g = 8 - 2. Calculate the greatest common factor of g and 54.
6
Let k(t) = -t**3 - 5*t**2 + 2*t + 17. Let j be k(-5). Let w(s) = -s**2 + 6*s + 8. Let q be w(7). What is the highest common divisor of q and j?
1
Let v(j) = j**3 - 7*j**2 - j - 21. Let s be v(9). Calculate the highest common divisor of s and 12.
12
Suppose 0*v = -v + 30. Suppose -4*t - 18 = -7*t. Suppose 180 = -2*q + t*q. What is the highest common factor of v and q?
15
Suppose 3*l - 60 = -2*l. Let z be (-1)/(-2) - 11/(-2). What is the highest common divisor of l and z?
6
Suppose 0 = -5*i - 2 + 7. Suppose -5*a + 3*f = -15, 2*f - 3 - i = a. Let o be (-16)/(-7) + 10/(-35). What is the greatest common factor of a and o?
2
Let q(j) be the third derivative of 17/6*j**3 + 1/24*j**4 + 0*j - 1/60*j**5 + 0 + j**2. Let i be q(0). What is the highest common factor of i and 17?
17
Let w(a) = -5*a**2 + 2*a - 1. Let b be w(1). Suppose 2*j = 4*j - 14. Let o = j - b. What is the greatest common factor of o and 55?
11
Let y(c) = c**3 - 2*c**2 + 5*c - 2. Let n(j) = j - 4. Let x be n(7). Let m be y(x). Calculate the greatest common divisor of 55 and m.
11
Let q(t) = -4*t + 6. Let p be q(-4). Let h = -6 + 8. What is the highest common factor of h and p?
2
Let j be 3/7 - (95/(-7) - -2). What is the highest common factor of j and 132?
12
Suppose 0 = 3*c - c - 24. Let u be (-6)/(-10) - 716/10. Let g = u - -155. Calculate the greatest common divisor of g and c.
12
Let p